
{"id":548,"date":"2017-07-02T16:51:23","date_gmt":"2017-07-02T15:51:23","guid":{"rendered":"http:\/\/www.cd45.fr\/v2\/?page_id=548"},"modified":"2018-02-18T16:00:58","modified_gmt":"2018-02-18T15:00:58","slug":"documents","status":"publish","type":"page","link":"http:\/\/www.cd45.fr\/v2\/?page_id=548","title":{"rendered":"Documents"},"content":{"rendered":"<p>Vous trouverez dans cette section la liste de tous les documents pouvant \u00eatre utile dans le cadre du CD.<\/p>\n<p>&nbsp;<\/p>\n<ul>\n<li><a href=\"http:\/\/www.cd45.fr\/v2\/?page_id=985\">Licence 2018<\/a><\/li>\n<li><a href=\"http:\/\/www.cd45.fr\/v2\/?page_id=660\">Certificat m\u00e9dical<\/a><\/li>\n<li><a href=\"http:\/\/www.cd45.fr\/v2\/?page_id=625\">R\u00e9glement des crit\u00e9riums 2017\/2020<\/a><\/li>\n<li><a href=\"http:\/\/www.cd45.fr\/v2\/?page_id=648\">Attestation d&rsquo;assurance<\/a> (A utiliser pour toutes vos manifestations en lien avec le CD ou la FFPS)<\/li>\n<li><a href=\"http:\/\/www.cd45.fr\/v2\/?page_id=643\">Contrat d&rsquo;assurance<\/a><\/li>\n<\/ul>\n","protected":false},"excerpt":{"rendered":"<p>Vous trouverez dans cette section la liste de tous les documents pouvant \u00eatre utile dans le cadre du CD. &nbsp; Licence 2018 Certificat m\u00e9dical R\u00e9glement des crit\u00e9riums 2017\/2020 Attestation d&rsquo;assurance (A utiliser pour toutes vos manifestations en lien avec le &hellip; <a href=\"http:\/\/www.cd45.fr\/v2\/?page_id=548\">Continuer la lecture <span class=\"meta-nav\">&rarr;<\/span><\/a><\/p>\n","protected":false},"author":1,"featured_media":0,"parent":0,"menu_order":0,"comment_status":"closed","ping_status":"closed","template":"","meta":{"footnotes":""},"_links":{"self":[{"href":"http:\/\/www.cd45.fr\/v2\/index.php?rest_route=\/wp\/v2\/pages\/548"}],"collection":[{"href":"http:\/\/www.cd45.fr\/v2\/index.php?rest_route=\/wp\/v2\/pages"}],"about":[{"href":"http:\/\/www.cd45.fr\/v2\/index.php?rest_route=\/wp\/v2\/types\/page"}],"author":[{"embeddable":true,"href":"http:\/\/www.cd45.fr\/v2\/index.php?rest_route=\/wp\/v2\/users\/1"}],"replies":[{"embeddable":true,"href":"http:\/\/www.cd45.fr\/v2\/index.php?rest_route=%2Fwp%2Fv2%2Fcomments&post=548"}],"version-history":[{"count":11,"href":"http:\/\/www.cd45.fr\/v2\/index.php?rest_route=\/wp\/v2\/pages\/548\/revisions"}],"predecessor-version":[{"id":1078,"href":"http:\/\/www.cd45.fr\/v2\/index.php?rest_route=\/wp\/v2\/pages\/548\/revisions\/1078"}],"wp:attachment":[{"href":"http:\/\/www.cd45.fr\/v2\/index.php?rest_route=%2Fwp%2Fv2%2Fmedia&parent=548"}],"curies":[{"name":"wp","href":"https:\/\/api.w.org\/{rel}","templated":true}]}}